{"id":533,"date":"2025-07-15T13:42:00","date_gmt":"2025-07-15T13:42:00","guid":{"rendered":"http:\/\/localhost\/openmemory\/?page_id=533"},"modified":"2026-04-09T16:15:38","modified_gmt":"2026-04-09T16:15:38","slug":"materiaux","status":"publish","type":"page","link":"https:\/\/www.openmemory.it\/openmemory\/fr\/materiaux\/","title":{"rendered":"Mat\u00e9riaux"},"content":{"rendered":"\n<p>Questa pagina contiene materiali video, audio e fotografici, raccolti e prodotti strada facendo&#8230;<\/p>\n\n\n\n<div class=\"wp-block-columns is-layout-flex wp-container-core-columns-is-layout-9d6595d7 wp-block-columns-is-layout-flex\">\n<div class=\"wp-block-column is-layout-flow wp-block-column-is-layout-flow\">\n<p class=\"has-neve-link-color-color has-nv-light-bg-background-color has-text-color has-background has-link-color wp-elements-4f5321750f1a7e14e7efa170c68a6ce0\"><mark style=\"background-color:rgba(0, 0, 0, 0)\" class=\"has-inline-color has-nv-c-2-color\">2 luglio 2025<\/mark> &#8211; <strong>Dalla Carta al digitale: memorie in movimento<\/strong><br>\u201cSiamo la storia che trasforma il presente\u201d. Il manifesto alle spalle dei microfoni racconta gi\u00e0 cos\u2019\u00e8 il Centro Studi Open Memory e la sua finalit\u00e0. Non un\u2019operazione di nostalgia passatista, ma uno strumento per non perdere la memoria e orientarsi al futuro.<\/p>\n<\/div>\n\n\n\n<div class=\"wp-block-column is-layout-flow wp-block-column-is-layout-flow\">\n<figure class=\"wp-block-embed is-type-video is-provider-youtube wp-block-embed-youtube wp-embed-aspect-16-9 wp-has-aspect-ratio\"><div class=\"wp-block-embed__wrapper\">\n<div class=\"nv-iframe-embed\"><iframe loading=\"lazy\" title=\"Sh 25 - Presentazione del sito web di Open Memory e di Carte Irrequiete. La memoria dei movimenti.\" width=\"1200\" height=\"675\" src=\"https:\/\/www.youtube.com\/embed\/xHQ6cy1QxGk?feature=oembed\" frameborder=\"0\" allow=\"accelerometer; autoplay; clipboard-write; encrypted-media; gyroscope; picture-in-picture; web-share\" referrerpolicy=\"strict-origin-when-cross-origin\" allowfullscreen><\/iframe><\/div>\n<\/div><\/figure>\n<\/div>\n<\/div>\n\n\n\n<div class=\"wp-block-columns is-layout-flex wp-container-core-columns-is-layout-9d6595d7 wp-block-columns-is-layout-flex\">\n<div class=\"wp-block-column is-layout-flow wp-block-column-is-layout-flow\">\n<p class=\"has-neve-link-color-color has-nv-light-bg-background-color has-text-color has-background has-link-color wp-elements-be48197494d91ac61921ce8d93e413c1\"><mark style=\"background-color:rgba(0, 0, 0, 0)\" class=\"has-inline-color has-nv-c-2-color\">12 luglio 2024<\/mark> &#8211; <strong>La storia delle occupazioni padovane raccontata in un podcast<\/strong><br>A Sherwood Festival la presentazione della serie &#8220;Spazi Occupati&#8221;, a cura del centro studi e documentazione Open Memory<\/p>\n<\/div>\n\n\n\n<div class=\"wp-block-column is-layout-flow wp-block-column-is-layout-flow\">\n<figure class=\"wp-block-embed is-type-video is-provider-youtube wp-block-embed-youtube wp-embed-aspect-16-9 wp-has-aspect-ratio\"><div class=\"wp-block-embed__wrapper\">\n<div class=\"nv-iframe-embed\"><iframe loading=\"lazy\" title=\"Sherwood Festival 2024 - Presentazione del Podcast &quot;Spazio Occupato&quot;\" width=\"1200\" height=\"675\" src=\"https:\/\/www.youtube.com\/embed\/tWVGOXeR6TE?feature=oembed\" frameborder=\"0\" allow=\"accelerometer; autoplay; clipboard-write; encrypted-media; gyroscope; picture-in-picture; web-share\" referrerpolicy=\"strict-origin-when-cross-origin\" allowfullscreen><\/iframe><\/div>\n<\/div><\/figure>\n<\/div>\n<\/div>\n\n\n\n<div class=\"wp-block-columns is-layout-flex wp-container-core-columns-is-layout-9d6595d7 wp-block-columns-is-layout-flex\">\n<div class=\"wp-block-column is-layout-flow wp-block-column-is-layout-flow\">\n<div class=\"wp-block-columns is-layout-flex wp-container-core-columns-is-layout-9d6595d7 wp-block-columns-is-layout-flex\">\n<div class=\"wp-block-column is-layout-flow wp-block-column-is-layout-flow\" style=\"flex-basis:100%\">\n<p class=\"has-neve-link-hover-color-color has-nv-light-bg-background-color has-text-color has-background has-link-color wp-elements-35073670c84f7f2cff94e299c3dc49b5\"><strong>Spazio occupato<\/strong>. Gli anni Settanta. Volevamo, come nel 1912, il pane e le rose. Eravamo pronti ad assaltare il cielo. Ci siamo ripresi spazi, li abbiamo riempiti di socialit\u00e0 e vita. Da un quartiere popolare come l&#8217;Arcella, a Padova, abbiamo gettato le basi per una storia che ancora oggi continua.<\/p>\n\n\n\n<div class=\"wp-block-columns is-layout-flex wp-container-core-columns-is-layout-9d6595d7 wp-block-columns-is-layout-flex\">\n<div class=\"wp-block-column is-layout-flow wp-block-column-is-layout-flow\">\n<figure class=\"wp-block-audio\"><audio controls src=\"https:\/\/www.openmemory.it\/openmemory\/wp-content\/uploads\/2025\/07\/Spazio_Occupato_Puntata_0_01_02_2024_Presentazione_Podcast.mp3\"><\/audio><\/figure>\n<\/div>\n<\/div>\n<\/div>\n<\/div>\n<\/div>\n\n\n\n<div class=\"wp-block-column is-layout-flow wp-block-column-is-layout-flow\">\n<figure class=\"wp-block-image size-full\"><img loading=\"lazy\" decoding=\"async\" width=\"920\" height=\"552\" src=\"https:\/\/www.openmemory.it\/openmemory\/wp-content\/uploads\/2025\/07\/Centro_sociale_occupato_1.jpg\" alt=\"\" class=\"wp-image-377\" srcset=\"https:\/\/www.openmemory.it\/openmemory\/wp-content\/uploads\/2025\/07\/Centro_sociale_occupato_1.jpg 920w, https:\/\/www.openmemory.it\/openmemory\/wp-content\/uploads\/2025\/07\/Centro_sociale_occupato_1-300x180.jpg 300w, https:\/\/www.openmemory.it\/openmemory\/wp-content\/uploads\/2025\/07\/Centro_sociale_occupato_1-768x461.jpg 768w\" sizes=\"auto, (max-width: 920px) 100vw, 920px\" \/><\/figure>\n<\/div>\n<\/div>\n\n\n\n<div class=\"wp-block-columns is-layout-flex wp-container-core-columns-is-layout-9d6595d7 wp-block-columns-is-layout-flex\">\n<div class=\"wp-block-column is-layout-flow wp-block-column-is-layout-flow\">\n<div class=\"wp-block-columns is-layout-flex wp-container-core-columns-is-layout-9d6595d7 wp-block-columns-is-layout-flex\">\n<div class=\"wp-block-column is-layout-flow wp-block-column-is-layout-flow\" style=\"flex-basis:100%\">\n<p class=\"has-neve-link-hover-color-color has-nv-light-bg-background-color has-text-color has-background has-link-color wp-elements-31a3a68bccf4f1c4bcba10de4000599d\"><strong>1<\/strong> &#8211; <strong>Spazio occupato<\/strong> &#8211; Gioia e Rivoluzione<\/p>\n<\/div>\n<\/div>\n\n\n\n<div class=\"wp-block-columns is-layout-flex wp-container-core-columns-is-layout-9d6595d7 wp-block-columns-is-layout-flex\">\n<div class=\"wp-block-column is-layout-flow wp-block-column-is-layout-flow\" style=\"flex-basis:100%\">\n<figure class=\"wp-block-audio\"><audio controls src=\"https:\/\/www.openmemory.it\/openmemory\/wp-content\/uploads\/2025\/07\/Spazio_Occupato_Puntata_1_08_11_2024_Anni_70_Gioia_e_Rivoluzione.mp3\"><\/audio><\/figure>\n<\/div>\n<\/div>\n<\/div>\n\n\n\n<div class=\"wp-block-column is-layout-flow wp-block-column-is-layout-flow\">\n<figure class=\"wp-block-image size-full\"><img loading=\"lazy\" decoding=\"async\" width=\"920\" height=\"920\" src=\"https:\/\/www.openmemory.it\/openmemory\/wp-content\/uploads\/2025\/09\/1_IMG-20241029-WA0011_920x920.jpg\" alt=\"Podcast_Pedro_Puntata_1\" class=\"wp-image-1078\" srcset=\"https:\/\/www.openmemory.it\/openmemory\/wp-content\/uploads\/2025\/09\/1_IMG-20241029-WA0011_920x920.jpg 920w, https:\/\/www.openmemory.it\/openmemory\/wp-content\/uploads\/2025\/09\/1_IMG-20241029-WA0011_920x920-300x300.jpg 300w, https:\/\/www.openmemory.it\/openmemory\/wp-content\/uploads\/2025\/09\/1_IMG-20241029-WA0011_920x920-150x150.jpg 150w, https:\/\/www.openmemory.it\/openmemory\/wp-content\/uploads\/2025\/09\/1_IMG-20241029-WA0011_920x920-768x768.jpg 768w\" sizes=\"auto, (max-width: 920px) 100vw, 920px\" \/><\/figure>\n<\/div>\n<\/div>\n\n\n\n<div class=\"wp-block-columns is-layout-flex wp-container-core-columns-is-layout-9d6595d7 wp-block-columns-is-layout-flex\">\n<div class=\"wp-block-column is-layout-flow wp-block-column-is-layout-flow\">\n<div class=\"wp-block-columns is-layout-flex wp-container-core-columns-is-layout-9d6595d7 wp-block-columns-is-layout-flex\">\n<div class=\"wp-block-column is-layout-flow wp-block-column-is-layout-flow\" style=\"flex-basis:100%\">\n<p class=\"has-neve-link-hover-color-color has-nv-light-bg-background-color has-text-color has-background has-link-color wp-elements-31d3de7aea24045883e7ac846f737520\"><strong>2<\/strong> &#8211; <strong>Spazio occupato<\/strong> &#8211; gli esordi<\/p>\n<\/div>\n<\/div>\n\n\n\n<div class=\"wp-block-columns is-layout-flex wp-container-core-columns-is-layout-9d6595d7 wp-block-columns-is-layout-flex\">\n<div class=\"wp-block-column is-layout-flow wp-block-column-is-layout-flow\" style=\"flex-basis:100%\">\n<figure class=\"wp-block-audio\"><audio controls src=\"https:\/\/www.openmemory.it\/openmemory\/wp-content\/uploads\/2025\/07\/Spazio_Occupato_Puntata_2_16_11_2024_Gli_Esordi.mp3\"><\/audio><\/figure>\n<\/div>\n<\/div>\n<\/div>\n\n\n\n<div class=\"wp-block-column is-layout-flow wp-block-column-is-layout-flow\">\n<figure class=\"wp-block-image size-full\"><img loading=\"lazy\" decoding=\"async\" width=\"920\" height=\"920\" src=\"https:\/\/www.openmemory.it\/openmemory\/wp-content\/uploads\/2025\/09\/2_IMG-20241029-WA0010_920x920.jpg\" alt=\"Podcast_Pedro_Puntata_2\" class=\"wp-image-1079\" srcset=\"https:\/\/www.openmemory.it\/openmemory\/wp-content\/uploads\/2025\/09\/2_IMG-20241029-WA0010_920x920.jpg 920w, https:\/\/www.openmemory.it\/openmemory\/wp-content\/uploads\/2025\/09\/2_IMG-20241029-WA0010_920x920-300x300.jpg 300w, https:\/\/www.openmemory.it\/openmemory\/wp-content\/uploads\/2025\/09\/2_IMG-20241029-WA0010_920x920-150x150.jpg 150w, https:\/\/www.openmemory.it\/openmemory\/wp-content\/uploads\/2025\/09\/2_IMG-20241029-WA0010_920x920-768x768.jpg 768w\" sizes=\"auto, (max-width: 920px) 100vw, 920px\" \/><\/figure>\n<\/div>\n<\/div>\n\n\n\n<div class=\"wp-block-columns is-layout-flex wp-container-core-columns-is-layout-9d6595d7 wp-block-columns-is-layout-flex\">\n<div class=\"wp-block-column is-layout-flow wp-block-column-is-layout-flow\">\n<div class=\"wp-block-columns is-layout-flex wp-container-core-columns-is-layout-9d6595d7 wp-block-columns-is-layout-flex\">\n<div class=\"wp-block-column is-layout-flow wp-block-column-is-layout-flow\" style=\"flex-basis:100%\">\n<p class=\"has-neve-link-hover-color-color has-nv-light-bg-background-color has-text-color has-background has-link-color wp-elements-0b9f75d61d39416fc373e8dbf4f78a1e\"><strong>3<\/strong> &#8211; <strong>Spazio occupato<\/strong> &#8211; Occupiamo tutto<\/p>\n<\/div>\n<\/div>\n\n\n\n<div class=\"wp-block-columns is-layout-flex wp-container-core-columns-is-layout-9d6595d7 wp-block-columns-is-layout-flex\">\n<div class=\"wp-block-column is-layout-flow wp-block-column-is-layout-flow\" style=\"flex-basis:100%\">\n<figure class=\"wp-block-audio\"><audio controls src=\"https:\/\/www.openmemory.it\/openmemory\/wp-content\/uploads\/2025\/07\/Spazio_Occupato_Puntata_3_22_11_2024_Occupiamo_Tutto.mp3\"><\/audio><\/figure>\n<\/div>\n<\/div>\n<\/div>\n\n\n\n<div class=\"wp-block-column is-layout-flow wp-block-column-is-layout-flow\">\n<figure class=\"wp-block-image size-full\"><img loading=\"lazy\" decoding=\"async\" width=\"920\" height=\"920\" src=\"https:\/\/www.openmemory.it\/openmemory\/wp-content\/uploads\/2025\/09\/3_IMG-20241029-WA0009_920x920.jpg\" alt=\"Podcast_Pedro_Puntata_3\" class=\"wp-image-1080\" srcset=\"https:\/\/www.openmemory.it\/openmemory\/wp-content\/uploads\/2025\/09\/3_IMG-20241029-WA0009_920x920.jpg 920w, https:\/\/www.openmemory.it\/openmemory\/wp-content\/uploads\/2025\/09\/3_IMG-20241029-WA0009_920x920-300x300.jpg 300w, https:\/\/www.openmemory.it\/openmemory\/wp-content\/uploads\/2025\/09\/3_IMG-20241029-WA0009_920x920-150x150.jpg 150w, https:\/\/www.openmemory.it\/openmemory\/wp-content\/uploads\/2025\/09\/3_IMG-20241029-WA0009_920x920-768x768.jpg 768w\" sizes=\"auto, (max-width: 920px) 100vw, 920px\" \/><\/figure>\n<\/div>\n<\/div>\n\n\n\n<div class=\"wp-block-columns is-layout-flex wp-container-core-columns-is-layout-9d6595d7 wp-block-columns-is-layout-flex\">\n<div class=\"wp-block-column is-layout-flow wp-block-column-is-layout-flow\">\n<div class=\"wp-block-columns is-layout-flex wp-container-core-columns-is-layout-9d6595d7 wp-block-columns-is-layout-flex\">\n<div class=\"wp-block-column is-layout-flow wp-block-column-is-layout-flow\" style=\"flex-basis:100%\">\n<p class=\"has-neve-link-hover-color-color has-nv-light-bg-background-color has-text-color has-background has-link-color wp-elements-8125c38d907ecfb9b5108e72d6ef93fc\"><strong>4<\/strong> &#8211; <strong>Spazio occupato<\/strong> &#8211; La lunga marcia<\/p>\n<\/div>\n<\/div>\n\n\n\n<div class=\"wp-block-columns is-layout-flex wp-container-core-columns-is-layout-9d6595d7 wp-block-columns-is-layout-flex\">\n<div class=\"wp-block-column is-layout-flow wp-block-column-is-layout-flow\" style=\"flex-basis:100%\">\n<figure class=\"wp-block-audio\"><audio controls src=\"https:\/\/www.openmemory.it\/openmemory\/wp-content\/uploads\/2025\/07\/Spazio_Occupato_Puntata_4_29_11_2024_La_Lunga_Marcia.mp3\"><\/audio><\/figure>\n<\/div>\n<\/div>\n<\/div>\n\n\n\n<div class=\"wp-block-column is-layout-flow wp-block-column-is-layout-flow\">\n<figure class=\"wp-block-image size-full\"><img loading=\"lazy\" decoding=\"async\" width=\"920\" height=\"920\" src=\"https:\/\/www.openmemory.it\/openmemory\/wp-content\/uploads\/2025\/09\/4_IMG-20241029-WA0007_920x920.jpg\" alt=\"Podcast_Pedro_Puntata_4\" class=\"wp-image-1081\" srcset=\"https:\/\/www.openmemory.it\/openmemory\/wp-content\/uploads\/2025\/09\/4_IMG-20241029-WA0007_920x920.jpg 920w, https:\/\/www.openmemory.it\/openmemory\/wp-content\/uploads\/2025\/09\/4_IMG-20241029-WA0007_920x920-300x300.jpg 300w, https:\/\/www.openmemory.it\/openmemory\/wp-content\/uploads\/2025\/09\/4_IMG-20241029-WA0007_920x920-150x150.jpg 150w, https:\/\/www.openmemory.it\/openmemory\/wp-content\/uploads\/2025\/09\/4_IMG-20241029-WA0007_920x920-768x768.jpg 768w\" sizes=\"auto, (max-width: 920px) 100vw, 920px\" \/><\/figure>\n<\/div>\n<\/div>\n\n\n\n<div class=\"wp-block-columns is-layout-flex wp-container-core-columns-is-layout-9d6595d7 wp-block-columns-is-layout-flex\">\n<div class=\"wp-block-column is-layout-flow wp-block-column-is-layout-flow\">\n<div class=\"wp-block-columns is-layout-flex wp-container-core-columns-is-layout-9d6595d7 wp-block-columns-is-layout-flex\">\n<div class=\"wp-block-column is-layout-flow wp-block-column-is-layout-flow\" style=\"flex-basis:100%\">\n<p class=\"has-neve-link-hover-color-color has-nv-light-bg-background-color has-text-color has-background has-link-color wp-elements-666a9de304715166e4cfc94aca3c75b3\"><strong>5<\/strong> &#8211; <strong>Spazio occupato<\/strong> &#8211; Verso il Pedro<\/p>\n<\/div>\n<\/div>\n\n\n\n<div class=\"wp-block-columns is-layout-flex wp-container-core-columns-is-layout-9d6595d7 wp-block-columns-is-layout-flex\">\n<div class=\"wp-block-column is-layout-flow wp-block-column-is-layout-flow\" style=\"flex-basis:100%\">\n<figure class=\"wp-block-audio\"><audio controls src=\"https:\/\/www.openmemory.it\/openmemory\/wp-content\/uploads\/2025\/07\/Spazio_Occupato_Puntata_5_06_12_2024_Verso_il_Pedro.mp3\"><\/audio><\/figure>\n<\/div>\n<\/div>\n<\/div>\n\n\n\n<div class=\"wp-block-column is-layout-flow wp-block-column-is-layout-flow\">\n<figure class=\"wp-block-image size-full\"><img loading=\"lazy\" decoding=\"async\" width=\"920\" height=\"920\" src=\"https:\/\/www.openmemory.it\/openmemory\/wp-content\/uploads\/2025\/09\/5_IMG-20241029-WA0006_920x920.jpg\" alt=\"Podcast_Pedro_Puntata_5\" class=\"wp-image-1082\" srcset=\"https:\/\/www.openmemory.it\/openmemory\/wp-content\/uploads\/2025\/09\/5_IMG-20241029-WA0006_920x920.jpg 920w, https:\/\/www.openmemory.it\/openmemory\/wp-content\/uploads\/2025\/09\/5_IMG-20241029-WA0006_920x920-300x300.jpg 300w, https:\/\/www.openmemory.it\/openmemory\/wp-content\/uploads\/2025\/09\/5_IMG-20241029-WA0006_920x920-150x150.jpg 150w, https:\/\/www.openmemory.it\/openmemory\/wp-content\/uploads\/2025\/09\/5_IMG-20241029-WA0006_920x920-768x768.jpg 768w\" sizes=\"auto, (max-width: 920px) 100vw, 920px\" \/><\/figure>\n<\/div>\n<\/div>\n\n\n\n<div class=\"wp-block-columns is-layout-flex wp-container-core-columns-is-layout-9d6595d7 wp-block-columns-is-layout-flex\">\n<div class=\"wp-block-column is-layout-flow wp-block-column-is-layout-flow\">\n<p class=\"has-neve-link-hover-color-color has-nv-light-bg-background-color has-text-color has-background has-link-color wp-elements-0b6fcae5fccbbd9dac9d89f839649c46\"><strong>Arcella N. 13<\/strong><\/p>\n<\/div>\n\n\n\n<div class=\"wp-block-column is-layout-flow wp-block-column-is-layout-flow\">\n<script src=\"https:\/\/fast.wistia.com\/player.js\" async><\/script><script src=\"https:\/\/fast.wistia.com\/embed\/aynfiu8gz6.js\" async type=\"module\"><\/script><style>wistia-player[media-id='aynfiu8gz6']:not(:defined) { background: center \/ contain no-repeat url('https:\/\/fast.wistia.com\/embed\/medias\/aynfiu8gz6\/swatch'); display: block; filter: blur(5px); padding-top:56.25%; }<\/style> <wistia-player media-id=\"aynfiu8gz6\" aspect=\"1.7777777777777777\"><\/wistia-player>\n<\/div>\n<\/div>\n\n\n\n<div class=\"wp-block-columns is-layout-flex wp-container-core-columns-is-layout-9d6595d7 wp-block-columns-is-layout-flex\">\n<div class=\"wp-block-column is-layout-flow wp-block-column-is-layout-flow\">\n<p class=\"has-neve-link-hover-color-color has-nv-light-bg-background-color has-text-color has-background has-link-color wp-elements-7c5e43eb324d2a348b52723aa408670f\"><mark style=\"background-color:rgba(0, 0, 0, 0)\" class=\"has-inline-color has-nv-c-2-color\">17 giugno 2023<\/mark> &#8211; <strong>Arcella N. 13 il talk a Sherwood festival 2023<\/strong><br>l primo talk dello stand &#8220;media e produzione&#8221; di Sherwood festival \u00e8 stato la presentazione del libro \u201cArcella&nbsp;n.13\u201d di Elisa Falcioni e Luca Zaghetto, edito da Red Star Press in collaborazione con il Centro studi e documentazione Open Memory.<\/p>\n<\/div>\n\n\n\n<div class=\"wp-block-column is-layout-flow wp-block-column-is-layout-flow\">\n<figure class=\"wp-block-embed is-type-video is-provider-youtube wp-block-embed-youtube wp-embed-aspect-16-9 wp-has-aspect-ratio\"><div class=\"wp-block-embed__wrapper\">\n<div class=\"nv-iframe-embed\"><iframe loading=\"lazy\" title=\"Sherwood Festival 2023 | Presentazione del libro \u201cArcella N.13\u201d\" width=\"1200\" height=\"675\" src=\"https:\/\/www.youtube.com\/embed\/20J8PmKg-mw?feature=oembed\" frameborder=\"0\" allow=\"accelerometer; autoplay; clipboard-write; encrypted-media; gyroscope; picture-in-picture; web-share\" referrerpolicy=\"strict-origin-when-cross-origin\" allowfullscreen><\/iframe><\/div>\n<\/div><\/figure>\n<\/div>\n<\/div>\n\n\n\n<div class=\"wp-block-columns is-layout-flex wp-container-core-columns-is-layout-9d6595d7 wp-block-columns-is-layout-flex\">\n<div class=\"wp-block-column is-layout-flow wp-block-column-is-layout-flow\">\n<p class=\"has-neve-link-color-color has-nv-light-bg-background-color has-text-color has-background has-link-color wp-elements-95230b8d3bde84f0a02fc048dc6821d2\" style=\"padding-top:var(--wp--preset--spacing--80);padding-right:var(--wp--preset--spacing--60);padding-bottom:var(--wp--preset--spacing--80);padding-left:var(--wp--preset--spacing--60)\"><mark style=\"background-color:rgba(0, 0, 0, 0)\" class=\"has-inline-color has-nv-c-2-color\">14 maggio 2021<\/mark><strong> &#8211; Open Memory Day<\/strong><\/p>\n<\/div>\n\n\n\n<div class=\"wp-block-column is-layout-flow wp-block-column-is-layout-flow\">\n<script src=\"https:\/\/fast.wistia.com\/player.js\" async><\/script><script src=\"https:\/\/fast.wistia.com\/embed\/vyk48i01zf.js\" async type=\"module\"><\/script><style>wistia-player[media-id='vyk48i01zf']:not(:defined) { background: center \/ contain no-repeat url('https:\/\/fast.wistia.com\/embed\/medias\/vyk48i01zf\/swatch'); display: block; filter: blur(5px); padding-top:56.25%; }<\/style> <wistia-player media-id=\"vyk48i01zf\" aspect=\"1.7777777777777777\"><\/wistia-player>\n<\/div>\n<\/div>\n\n\n\n<div class=\"wp-block-columns is-layout-flex wp-container-core-columns-is-layout-9d6595d7 wp-block-columns-is-layout-flex\">\n<div class=\"wp-block-column is-layout-flow wp-block-column-is-layout-flow\">\n<p class=\"has-neve-link-hover-color-color has-nv-light-bg-background-color has-text-color has-background has-link-color wp-elements-8d55dfecc25dc1e5e8b60ee7a032b4cd\"><strong>La guerre du feu<\/strong><br>Un train \u00e0 destination de la Hongrie suscite des inqui\u00e9tudes concernant les armes et les soldats \u00e0 bord, soulevant des questions sur sa destination et son objectif. La manifestation r\u00e9unit des personnes de tous \u00e2ges et de toutes convictions politiques.<\/p>\n<\/div>\n\n\n\n<div class=\"wp-block-column is-layout-flow wp-block-column-is-layout-flow\">\n<script src=\"https:\/\/fast.wistia.com\/player.js\" async><\/script><script src=\"https:\/\/fast.wistia.com\/embed\/dc5prb06q4.js\" async type=\"module\"><\/script><style>wistia-player[media-id='dc5prb06q4']:not(:defined) { background: center \/ contain no-repeat url('https:\/\/fast.wistia.com\/embed\/medias\/dc5prb06q4\/swatch'); display: block; filter: blur(5px); padding-top:56.25%; }<\/style> <wistia-player media-id=\"dc5prb06q4\" aspect=\"1.7777777777777777\"><\/wistia-player>\n<\/div>\n<\/div>\n\n\n\n<p><\/p>\n","protected":false},"excerpt":{"rendered":"<p>Questa pagina contiene materiali video, audio e fotografici, raccolti e prodotti strada facendo&#8230; 2 luglio 2025 &#8211; Dalla Carta al digitale: memorie in movimento\u201cSiamo la storia che trasforma il presente\u201d. Il manifesto alle spalle dei microfoni racconta gi\u00e0 cos\u2019\u00e8 il Centro Studi Open Memory e la sua finalit\u00e0. Non un\u2019operazione di nostalgia passatista, ma uno&hellip;&nbsp;<a href=\"https:\/\/www.openmemory.it\/openmemory\/fr\/materiaux\/\" rel=\"bookmark\"><span class=\"screen-reader-text\">Mat\u00e9riaux<\/span><\/a><\/p>\n","protected":false},"author":1,"featured_media":0,"parent":0,"menu_order":0,"comment_status":"closed","ping_status":"closed","template":"","meta":{"neve_meta_sidebar":"default","neve_meta_container":"contained","neve_meta_enable_content_width":"on","neve_meta_content_width":90,"neve_meta_title_alignment":"left","neve_meta_author_avatar":"","neve_post_elements_order":"","neve_meta_disable_header":"","neve_meta_disable_footer":"","neve_meta_disable_title":"","_themeisle_gutenberg_block_has_review":false,"footnotes":""},"class_list":["post-533","page","type-page","status-publish","hentry"],"_links":{"self":[{"href":"https:\/\/www.openmemory.it\/openmemory\/wp-json\/wp\/v2\/pages\/533","targetHints":{"allow":["GET"]}}],"collection":[{"href":"https:\/\/www.openmemory.it\/openmemory\/wp-json\/wp\/v2\/pages"}],"about":[{"href":"https:\/\/www.openmemory.it\/openmemory\/wp-json\/wp\/v2\/types\/page"}],"author":[{"embeddable":true,"href":"https:\/\/www.openmemory.it\/openmemory\/wp-json\/wp\/v2\/users\/1"}],"replies":[{"embeddable":true,"href":"https:\/\/www.openmemory.it\/openmemory\/wp-json\/wp\/v2\/comments?post=533"}],"version-history":[{"count":5,"href":"https:\/\/www.openmemory.it\/openmemory\/wp-json\/wp\/v2\/pages\/533\/revisions"}],"predecessor-version":[{"id":1817,"href":"https:\/\/www.openmemory.it\/openmemory\/wp-json\/wp\/v2\/pages\/533\/revisions\/1817"}],"wp:attachment":[{"href":"https:\/\/www.openmemory.it\/openmemory\/wp-json\/wp\/v2\/media?parent=533"}],"curies":[{"name":"wp","href":"https:\/\/api.w.org\/{rel}","templated":true}]}}