{"id":455,"date":"2025-07-14T16:48:18","date_gmt":"2025-07-14T16:48:18","guid":{"rendered":"http:\/\/localhost\/openmemory\/?page_id=455"},"modified":"2025-10-10T13:41:21","modified_gmt":"2025-10-10T13:41:21","slug":"policy","status":"publish","type":"page","link":"https:\/\/www.openmemory.it\/openmemory\/fr\/policy\/","title":{"rendered":"Politique relative aux cookies"},"content":{"rendered":"\n<p>Cette politique relative aux cookies explique ce que sont les cookies et comment nous les utilisons, les types de cookies que nous utilisons, les informations que nous collectons \u00e0 l\u2019aide des cookies, comment ces informations sont utilis\u00e9es et comment contr\u00f4ler vos pr\u00e9f\u00e9rences en mati\u00e8re de cookies. Vous pouvez \u00e0 tout moment modifier ou retirer votre consentement \u00e0 partir de la D\u00e9claration relative aux cookies sur notre site web. D\u00e9couvrez qui nous sommes, comment nous contacter et comment nous traitons les donn\u00e9es personnelles dans notre Politique de confidentialit\u00e9. Votre consentement s\u2019applique au domaine openmemory.it .<\/p>\n<div><hr \/><\/div>\n<p><strong>Que sont les cookies ?<\/strong><\/p>\n<p>Les cookies sont de petits fichiers texte utilis\u00e9s pour stocker de petites quantit\u00e9s d\u2019informations. Ils sont enregistr\u00e9s sur votre appareil lorsque le site web est charg\u00e9 dans votre navigateur. Ces cookies nous aident \u00e0 faire fonctionner correctement le site web, \u00e0 le rendre plus s\u00e9curis\u00e9, \u00e0 offrir une meilleure exp\u00e9rience utilisateur, \u00e0 comprendre le fonctionnement du site et \u00e0 analyser ce qui fonctionne et ce qui n\u00e9cessite des am\u00e9liorations.<\/p>\n<div><hr \/><\/div>\n<p><strong>Comment utilisons-nous les cookies ?<\/strong><\/p>\n<p>Comme la plupart des services en ligne, notre site web utilise des cookies internes et tiers \u00e0 diverses fins. Les cookies internes sont principalement n\u00e9cessaires au bon fonctionnement du site et de ses contenus, et ne collectent aucune donn\u00e9e personnelle identifiable. Les cookies tiers utilis\u00e9s sur notre site web servent principalement \u00e0 comprendre le fonctionnement du site, comment vous interagissez avec celui-ci, \u00e0 maintenir nos services s\u00e9curis\u00e9s, \u00e0 vous offrir une meilleure exp\u00e9rience utilisateur et \u00e0 acc\u00e9l\u00e9rer vos interactions futures avec notre site.<\/p>\n<div><hr \/><\/div>\n<p><strong>Quels types de cookies utilisons-nous ?<\/strong><\/p>\n<ul>\n<li>\n<p><strong>N\u00e9cessaires<\/strong> : certains cookies sont essentiels pour permettre l\u2019utilisation compl\u00e8te de notre site. Ils nous permettent de maintenir les sessions utilisateur et de pr\u00e9venir les menaces de s\u00e9curit\u00e9. Ils ne collectent ni ne stockent aucune information personnelle.\u00a0<\/p>\n<\/li>\n<li>\n<p><strong>Analytiques<\/strong> : ces cookies stockent des informations telles que le nombre de visiteurs du site, le nombre de visiteurs uniques, les pages visit\u00e9es, la source des visites, etc. Ces donn\u00e9es nous aident \u00e0 comprendre et analyser les performances du site et \u00e0 identifier les points \u00e0 am\u00e9liorer.<\/p>\n<\/li>\n<li>\n<p><strong>Fonctionnels<\/strong> : ces cookies prennent en charge certaines fonctionnalit\u00e9s non essentielles de notre site web. Ces fonctionnalit\u00e9s incluent l\u2019int\u00e9gration de contenus comme des vid\u00e9os ou le partage de contenus du site sur des plateformes de r\u00e9seaux sociaux.<\/p>\n<\/li>\n<\/ul>\n","protected":false},"excerpt":{"rendered":"<p>Cette politique relative aux cookies explique ce que sont les cookies et comment nous les utilisons, les types de cookies que nous utilisons, les informations que nous collectons \u00e0 l\u2019aide des cookies, comment ces informations sont utilis\u00e9es et comment contr\u00f4ler vos pr\u00e9f\u00e9rences en mati\u00e8re de cookies. Vous pouvez \u00e0 tout moment modifier ou retirer votre&hellip;&nbsp;<a href=\"https:\/\/www.openmemory.it\/openmemory\/fr\/policy\/\" rel=\"bookmark\"><span class=\"screen-reader-text\">Politique relative aux cookies<\/span><\/a><\/p>\n","protected":false},"author":1,"featured_media":0,"parent":0,"menu_order":0,"comment_status":"closed","ping_status":"closed","template":"","meta":{"neve_meta_sidebar":"","neve_meta_container":"contained","neve_meta_enable_content_width":"on","neve_meta_content_width":80,"neve_meta_title_alignment":"","neve_meta_author_avatar":"","neve_post_elements_order":"","neve_meta_disable_header":"","neve_meta_disable_footer":"","neve_meta_disable_title":"","_themeisle_gutenberg_block_has_review":false,"footnotes":""},"class_list":["post-455","page","type-page","status-publish","hentry"],"_links":{"self":[{"href":"https:\/\/www.openmemory.it\/openmemory\/wp-json\/wp\/v2\/pages\/455","targetHints":{"allow":["GET"]}}],"collection":[{"href":"https:\/\/www.openmemory.it\/openmemory\/wp-json\/wp\/v2\/pages"}],"about":[{"href":"https:\/\/www.openmemory.it\/openmemory\/wp-json\/wp\/v2\/types\/page"}],"author":[{"embeddable":true,"href":"https:\/\/www.openmemory.it\/openmemory\/wp-json\/wp\/v2\/users\/1"}],"replies":[{"embeddable":true,"href":"https:\/\/www.openmemory.it\/openmemory\/wp-json\/wp\/v2\/comments?post=455"}],"version-history":[{"count":8,"href":"https:\/\/www.openmemory.it\/openmemory\/wp-json\/wp\/v2\/pages\/455\/revisions"}],"predecessor-version":[{"id":1211,"href":"https:\/\/www.openmemory.it\/openmemory\/wp-json\/wp\/v2\/pages\/455\/revisions\/1211"}],"wp:attachment":[{"href":"https:\/\/www.openmemory.it\/openmemory\/wp-json\/wp\/v2\/media?parent=455"}],"curies":[{"name":"wp","href":"https:\/\/api.w.org\/{rel}","templated":true}]}}